
-1
Calculate 8 - (-6 - (1 - 7)).
8
Evaluate (33 - 28) + (1 - 2).
4
What is the value of -1 - (0 - 4 - -4) - 0?
-1
What is the value of 7 + -8 + -3 - -6?
2
What is the value of (0 - 1) + (5 - 6)?
-2
What is the value of (-2 - 5 - -3) + 0 + 3?
-1
Evaluate (6 - 9) + 1 + 1.
-1
Evaluate -6 - 1 - (-2 - 0).
-5
Evaluate -11 - -15 - (0 + (-1 - -1)).
4
Evaluate (3 - 7 - 3) + 23 - 7.
9
Evaluate -6 + (1 - 1) + 2 + 0.
-4
-2 + (1 + -2 - (-1 - -2))
-4
96 + -113 - (-2 + -10)
-5
Evaluate -7 + 1 - (-1 + 1).
-6
Calculate (-4 - -3) + -3 + 3 + 2.
1
-12 - (-6 - -2) - -8
0
Calculate 9 - (1 + 9) - (0 + 1).
-2
What is the value of 3 - ((-1 - 3) + 0 + 7)?
0
What is (6 - (-4 + 5)) + -3?
2
What is 15 - (3 + 10 + -4)?
6
4 + (1 - 6) + 1
0
Calculate -12 - (-9 - (-11 - (4 + -9))).
-9
What is (4 + 6 - 4) + -7?
-1
What is 5 + (-4 - 5) + 3?
-1
3 + 0 + (-3 + 1 - -1)
2
-1 + 6 + 1 - (-3 - -4)
5
-2 - -1 - 6 - -10
3
(-1 - -1) + -6 + 7
1
What is the value of 48 + -49 + (0 + 0 - 9)?
-10
What is -5 + 1 - (5 - (7 + -3))?
-5
What is the value of 2 - -3 - 11 - (-6 - -2)?
-2
What is 1 + 2 + (1 + 0 - 7)?
-3
What is the value of (3 - 1 - 0) + -1 + 1?
2
Calculate -1 + (4 - 1 - 0).
2
What is the value of 3 + -1 - -2 - -1 - 3?
2
3 - (-8 - -9 - -10)
-8
5 + -7 + (-1 - (-2 + 1))
-2
Evaluate 5 + -4 + 8 + -7.
2
What is -1 - -2 - (-36 + 42)?
-5
What is 0 + 0 + 4 + -7?
-3
What is -2 + 2 + (-5 - -10)?
5
4 - (-1 + 5 + -4)
4
Calculate -2 + -4 + 3 + 6.
3
What is -9 + (-1 - (-5 - 2))?
-3
Evaluate 7 - (-15 - -4 - -21).
-3
-2 + 4 + 7 + -5
4
2 - -2 - (8 - -2 - 4)
-2
What is 3 + -7 + 8 - 8?
-4
Calculate (-8 - -2 - (-4 - -2)) + 0.
-4
Calculate (-2 - -6 - (-7 - -3)) + -3.
5
What is 1 - -2 - ((0 - 4) + 3)?
4
5 - 7 - -3 - -4
5
Calculate 16 + -14 + 2 + -1.
3
3 + -6 + -5 - (-5 - -1)
-4
What is the value of (0 + 0 - 2) + -31 + 32?
-1
Evaluate 12 + 1 + (-21 - -10).
2
What is the value of 1 + -14 - ((0 - -13) + -20)?
-6
What is -4 + 11 + 0 + -4?
3
Evaluate 5 - (5 - 4 - -2).
2
Evaluate (-4 - -9) + -3 + -9.
-7
Evaluate 1 + 1 + -4 + 0 + 2.
0
What is the value of (-3 - -2) + (5 - 2)?
2
What is the value of 9 + (8 - (1 - -12))?
4
Evaluate 1 + 0 + (-5 - -2) - -6.
4
44 + -48 + (-1 - -3) - -6
4
Calculate (-1 - 1) + (3 - 6).
-5
What is the value of 0 + 3 + -7 + 2?
-2
What is the value of -1 - -1 - (-13 - -15)?
-2
-2 + (-9 - ((-4 - 4) + 6))
-9
4 + -6 + 10 + -6 + -1
1
What is 3 - 2 - (-4 + 2) - 3?
0
What is the value of 5 - (4 - (-2 + -3))?
-4
What is (6 - 8 - 0) + 5?
3
What is (-2 - (-6 - -4 - -2)) + 1?
-1
Evaluate -1 + 3 + 1 + 1.
4
Calculate -2 + (-5 - (-7 - -2 - -2)).
-4
Evaluate 11 + -5 + -10 + (-1 - 2).
-7
What is 10 + 6 + -11 + (3 - 1)?
7
(-2 - -4 - (2 - 4)) + -5
-1
(1 - ((-7 - -3) + 3)) + -1
1
Calculate -3 + 5 - (-1 + 2) - 5.
-4
Evaluate -4 - (-8 - -7 - (-1 + 2)).
-2
What is -8 + (17 - 1) - 6?
2
-11 + (-6 + 5 - -7) - -13
8
(2 - 5) + 2 + 1 + -5
-5
Calculate -5 + 0 - (-29 - -19).
5
What is the value of -16 + -1 - (-31 - (18 - 42))?
-10
What is 69 - 69 - (0 + -9)?
9
Evaluate -2 + -1 + (-12 - -18).
3
3 + -1 + 5 + -5 - -5
7
What is the value of 6 + (0 - 0) - (-3 - -5)?
4
Calculate -8 - (1 - 2 - (0 - -3)).
-4
-3 + 7 + -10 - 1
-7
What is the value of (1 - (-1 + (5 - 3))) + 3?
3
Evaluate -20 + 16 - (-1 + 0).
-3
What is (1 + -5 - 5) + -1?
-10
Calculate 0 - (2 + -2 + -3).
3
What is -1 + (-3 - (-10 - -2))?
4
Calculate (3 + 7 - 7) + -6.
-3
Calculate (0 - 4) + 2 + -3 - -8.
3
Calculate 6 + -4 - 2 - 0.
0
What is the value of 2 + 7 + (-10 - 6)?
-7
7 - ((-7 - -10) + 9)
-5
What is -5 - (1 - 4 - (0 - 3))?
-5
What is 25 - 20 - (-1 + 10)?
-4
What is the value of 7 - (-1 + (8 - 4))?
4
Evaluate 4 + -7 + 3 + 2.
2
Calculate -6 - -1 - -8 - 3.
0
What is the value of 8 - 4 - (1 + 0 + 6)?
-3
What is 9 + -12 + (-4 - -2) + 4?
-1
What is the value of 2 - 2 - 4 - (-14 - -5)?
5
What is 6 - ((1 - (2 - 6)) + -1)?
2
What is the value of -7 - (9 - (30 - 13))?
1
What is (-2 - 0 - (11 + -11)) + -3?
-5
7 + 3 + -5 + -6
-1
32 - 28 - (0 + -1)
5
Evaluate 3 + -12 - (-2 - 2).
-5
Calculate 1 + -2 - -1 - (-11 + 10).
1
(-1 - (-3 - -4) - -3) + -6
-5
12 + (-6 + 15 - 18)
3
Evaluate -5 + 1 + -7 + 4.
-7
What is the value of -2 + 11 - (1 + 1)?
7
What is the value of 1 + (-6 - 1) - (-13 - -12)?
-5
2 + (-11 - -4 - -6)
1
What is the value of (-4 - -10) + -11 + 0 + 1?
-4
(8 - 5) + 1 - 7
-3
Calculate (2 - 1) + -6 + 2.
-3
Calculate -2 + -4 - 3 - (-7 - -3).
-5
Calculate -16 - -19 - (-1 + 7).
-3
What is (-7 - -6 - 12) + 4?
-9
Calculate 3 - -1 - (3 - 2).
3
Evaluate -4 - (-9 - ((-2 - 4) + 2)).
1
What is (2 - (7 - 0)) + 1?
-4
What is 0 - (7 + -6 - (-1 - 1))?
-3
Evaluate -2 + (3 - 2 - (-5 + 5)).
-1
What is the value of 27 - (29 + -10) - (-1 + 13)?
-4
What is the value of -4 + -1 + 4 + (12 - 7)?
4
0 + (-6 - -16) - 7
3
-5 + (6 - 8 - -10)
3
What is the value of -1 - (0 + -8 + 3)?
4
What is 2 - (-4 - -4) - 0?
2
What is the value of (-8 + 1 - -2) + (5 - 4)?
-4
Evaluate 8 - 5 - (1 - -2).
0
Calculate (0 - 7) + -9 + 11.
-5
Evaluate -3 - ((-1 - (-5 - -10)) + 5).
-2
Evaluate -1 - 2 - (-8 - -8).
-3
Calculate (2 + 4 - (-3 + 8)) + -3.
-2
Evaluate 6 + -2 + 0 + 1.
5
Calculate -2 - (5 + -6 - (-3 - 0)).
-4
What is -2 + (5 - 10 - -10)?
3
Evaluate (4 - 1) + 1 + -4.
0
What is -2 - 8 - (5 - 14)?
-1
(1 - -1 - 3) + -3
-4
What is (-7 - -10) + 2 + -2 - 3?
0
Calculate (3 - -1) + -2 + -2.
0
Evaluate 2 + 0 + (-5 + 6 - 6).
-3
Calculate 5 - (-7 - (-14 + 2)).
0
-8 + (6 - 3 - -2)
-3
Calculate -2 - (-4 + 0 - (-5 - -2)).
-1
What is the value of 24 + -27 + 5 + 4?
6
What is the value of 5 + (-1 - 4 - (0 - 1))?
1
Calculate -6 + 0 - (-8 - (-2 - -6)).
6
What is -11 - -2 - ((-4 - -5) + -6)?
-4
Evaluate (-8 - -8) + 2 + 4 - 5.
1
(6 - 6 - 3) + 6 + -1
2
Calculate (13 - 11) + 1 + (-9 - -2).
-4
What is the value of (4 - (-3 - 1)) + -14?
-6
Calculate -12 + -1 + -1 - (-3 - 2).
-9
What is the value of (-3 - 0) + 7 - 6?
-2
What is the value of -5 + 6 + -8 - -9?
2
What is 0 + -3 + (-3 - (0 + 0))?
-6
Calculate 7 - (-6 + 8) - (1 + 2).
2
Evaluate (-5 - -4) + 2 - -1.
2
What is 4 + (24 + -31 - (-2 + 1))?
-2
Evaluate -1 + 6 + -6 - -1.
0
What is -5 - -6 - (3 - (-1 + 0))?
-3
What is 0 + -2 + (-4 - -3)?
-3
What is 6 + -2 + -2 + -1?
1
Calculate 8 + -1 + -8 + 1 + 5.
5
1 + 1 + -24 + 23
1
What is the value of -3 + (-3 - (-4 - (-4 - -3)))?
-3
Evaluate (-1 - (-2 + -2 + 10)) + 6.
-1
What is the value of -1 - -2 - -2 - (9 - 5)?
-1
Calculate -3 + -3 + -2 + 5.
-3
-5 - -1 - (-2 - 2 - -5)
-5
What is 2 + 3 + -12 + 6 + -9?
-10
What is the value of 24 - (12 - 2) - 18?
-4
9 - (-3 - (9 + -17))
4
Evaluate (4 + 14 - 10) + -9.
-1
What is 2 - (1 + 0 + (17 - 20))?
4
Evaluate 0 + (-4 - -4) + -3.
-3
Evaluate -3 + -5 - -8 - (1 + -5).
4
What is the value of 9 + -1 + 0 + -1?
7
1 + -1 + (-3 - 0)
-3
What is the value of -7 - 0 - (4 + -5)?
-6
Evaluate -3 - (2 - (3 + 1 - 1)).
-2
What is -3 - (-4 + 0 + 4)?
-3
What is 1 + 3 + (4 - 4)?
4
76 - 88 - (2 - (0 - -5))
-9
What is the value of -5 + (-4 - (3 + -7 + -1))?
-4
Evaluate 210 - 215 - (5 + -1).
-9
(-2 - (2 + -5)) + -1 + -4
-4
(-5 - (4 + -3)) + 1 + 0
-5
Calculate 4 + 1 - (4 + -3) - 1.
3
Evaluate (1 + 3 - (-14 + 10)) + -1.
7
What is (-5 + 5 + -6 - -8) + -7?
-5
What is the value of -8 + 5 - 0 - (-4 + -1)?
2
What is the value of -4 + -5 + (-7 - (-7 + -12))?
3
What is (-7 - -12 - -13) + -12?
6
What is the value of 2 - (-5 - (-10 + 5))?
2
What is (2 - 11) + (-2 - -8)?
-3
Evaluate -14 + (1 - (9 + -20)).
-2
Evaluate 1 + -7 - (7 + -17).
4
What is 24 + -14 - 24 - -13?
-1
Evaluate 11 - (8 + -2 - 1).
6
What is -4 + (4 - (6 + -7)) + -6?
-5
-24 + 29 - (2 - 1)
4
0 - ((6 - 4) + -3)
1
0 - (-10 - -5) - 10
-5
Evaluate 4 + -4 + 3 + -1.
2
What is the value of (-6 - (-5 - -11)) + 9 + -3?
-6
What is the value of (-2 + (2 - -1) - -1) + -3?
-1
What is 5 + 5 + -12 - -6 - 4?
0
What is the value of -9 - (-3 - 6 - -4)?
-4
Calculate 1 + (-4 + -7 - -6).
-4
Calculate 3 - 0 - (-16 + 31 - 15).
3
Calculate (4 - (2 - 2)) + -12 + 6.
-2
What is 5 - (-2 - -15 - 0 - 6)?
-2
What is the value of -2 - (-4 + (-8 - -7))?
3
What is 8 - 7 - 4 - (-1 - -1)?
-3
What is 3 + 0 - (2 + -2 + 3)?
0
What is the value of -2 - ((4 - 14) + 6)?
2
What is (4 - 13) + 11 + 3?
5
Evaluate -3 + 1 + 0 + -1 + -2.
-5
Evaluate (1 - -1) + (2 - -6) + -9.
1
What is the value of 2 + -1 + (0 - -4 - 3)?
2
Evaluate (10 - 18) + -2 - -12.
2
3 + -2 + (-3 - (-7 + 2))
3
What is (1 - -3 - 4) + 0 + -3?
-3
Ev